{"id":5572,"date":"2017-08-08T10:09:49","date_gmt":"2017-08-08T10:09:49","guid":{"rendered":"https:\/\/pofo.themezaa.com\/?page_id=5572"},"modified":"2026-01-11T06:33:25","modified_gmt":"2026-01-11T06:33:25","slug":"is-basvurulari","status":"publish","type":"page","link":"https:\/\/muallimkoleji.com\/index.php\/is-basvurulari\/","title":{"rendered":"i\u015f ba\u015fvurular\u0131"},"content":{"rendered":"<section id=\"start-your-project\" data-vc-full-width=\"true\" data-vc-full-width-init=\"false\" class=\"vc_row wpb_row vc_row-fluid  vc_custom_1768111888632 wow fadeIn vc_row-has-fill pofo-stretch-content pofo-stretch-row-container\"><div class=\"wpb_column vc_column_container vc_col-sm-12  col-xs-mobile-fullwidth pofo-column-responsive-69e61e32cd7f8\"><div class=\"vc_column-inner \"><div class=\"wpb_wrapper\"><div class=\"vc_row wpb_row vc_inner vc_row-fluid\"><div class=\"wpb_column vc_column_container vc_col-sm-2 vc_col-lg-3 vc_col-md-3 vc_hidden-xs col-xs-mobile-fullwidth\"><div class=\"vc_column-inner \"><div class=\"wpb_wrapper\"><\/div><\/div><\/div><div class=\"wpb_column vc_column_container vc_col-sm-8 vc_col-lg-6 vc_col-md-6 vc_col-xs-12 text-center pofo-column-responsive-69e61e32cdd4c\"><div class=\"vc_column-inner vc_custom_1509777164556\"><div class=\"wpb_wrapper\"><h5 class=\"text-extra-dark-gray margin-20px-bottom font-weight-600 display-inline-block alt-font text-uppercase heading-style2  heading-1\"  style=\"font-weight: 700; color: #dd9933;\">MUALL\u0130M KOLEJ\u0130 \u0130\u015e BA\u015eVURULARI<\/h5><\/div><\/div><\/div><div class=\"wpb_column vc_column_container vc_col-sm-2 vc_col-lg-3 vc_col-md-3 vc_hidden-xs col-xs-mobile-fullwidth\"><div class=\"vc_column-inner \"><div class=\"wpb_wrapper\"><\/div><\/div><\/div><\/div><div class=\"vc_row wpb_row vc_inner vc_row-fluid\"><div class=\"wpb_column vc_column_container vc_col-sm-12  col-xs-mobile-fullwidth text-center\"><div class=\"vc_column-inner \"><div class=\"wpb_wrapper\">\n<div class=\"wpcf7 no-js\" id=\"wpcf7-f2939-o1\" lang=\"en-US\" dir=\"ltr\" data-wpcf7-id=\"2939\">\n<div class=\"screen-reader-response\"><p role=\"status\" aria-live=\"polite\" aria-atomic=\"true\"><\/p> <ul><\/ul><\/div>\n<form action=\"\/index.php\/wp-json\/wp\/v2\/pages\/5572#wpcf7-f2939-o1\" method=\"post\" class=\"wpcf7-form init\" aria-label=\"Contact form\" novalidate=\"novalidate\" data-status=\"init\">\n<fieldset class=\"hidden-fields-container\"><input type=\"hidden\" name=\"_wpcf7\" value=\"2939\" \/><input type=\"hidden\" name=\"_wpcf7_version\" value=\"6.1.4\" \/><input type=\"hidden\" name=\"_wpcf7_locale\" value=\"en_US\" \/><input type=\"hidden\" name=\"_wpcf7_unit_tag\" value=\"wpcf7-f2939-o1\" \/><input type=\"hidden\" name=\"_wpcf7_container_post\" value=\"0\" \/><input type=\"hidden\" name=\"_wpcf7_posted_data_hash\" value=\"\" \/>\n<\/fieldset>\n<p><label> \u0130sim Soyisim (Zorunlu)<br \/>\n<span class=\"wpcf7-form-control-wrap\" data-name=\"isim-soyisim\"><input size=\"40\" maxlength=\"400\" class=\"wpcf7-form-control wpcf7-text wpcf7-validates-as-required\" aria-required=\"true\" aria-invalid=\"false\" placeholder=\"Ad\u0131n\u0131z Soyad\u0131n\u0131z\" value=\"\" type=\"text\" name=\"isim-soyisim\" \/><\/span> <\/label>\n<\/p>\n<div style=\"display: flex; gap: 20px; flex-wrap: wrap;\">\n\t<div style=\"flex: 1;\">\n\t\t<p><label> Telefon (Zorunlu)<br \/>\n<span class=\"wpcf7-form-control-wrap\" data-name=\"telefon\"><input size=\"40\" maxlength=\"400\" class=\"wpcf7-form-control wpcf7-tel wpcf7-validates-as-required wpcf7-text wpcf7-validates-as-tel\" aria-required=\"true\" aria-invalid=\"false\" placeholder=\"05XX XXX XX XX\" value=\"\" type=\"tel\" name=\"telefon\" \/><\/span> <\/label>\n\t\t<\/p>\n\t<\/div>\n\t<div style=\"flex: 1;\">\n\t\t<p><label> E-posta Adresi (Zorunlu)<br \/>\n<span class=\"wpcf7-form-control-wrap\" data-name=\"email\"><input size=\"40\" maxlength=\"400\" class=\"wpcf7-form-control wpcf7-email wpcf7-validates-as-required wpcf7-text wpcf7-validates-as-email\" aria-required=\"true\" aria-invalid=\"false\" placeholder=\"ornek@email.com\" value=\"\" type=\"email\" name=\"email\" \/><\/span> <\/label>\n\t\t<\/p>\n\t<\/div>\n<\/div>\n<p><label> E\u011fitim Bilgileri (Zorunlu)<br \/>\n<span class=\"wpcf7-form-control-wrap\" data-name=\"egitim\"><textarea cols=\"40\" rows=\"3\" maxlength=\"2000\" class=\"wpcf7-form-control wpcf7-textarea wpcf7-validates-as-required\" aria-required=\"true\" aria-invalid=\"false\" placeholder=\"Mezun oldu\u011funuz okullar, b\u00f6l\u00fcmler ve y\u0131llar\u0131...\" name=\"egitim\"><\/textarea><\/span> <\/label>\n<\/p>\n<p><label> Meslek Deneyimi (Zorunlu)<br \/>\n<span class=\"wpcf7-form-control-wrap\" data-name=\"deneyim\"><textarea cols=\"40\" rows=\"5\" maxlength=\"2000\" class=\"wpcf7-form-control wpcf7-textarea wpcf7-validates-as-required\" aria-required=\"true\" aria-invalid=\"false\" placeholder=\"Daha \u00f6nce \u00e7al\u0131\u015ft\u0131\u011f\u0131n\u0131z firmalar ve pozisyonlar...\" name=\"deneyim\"><\/textarea><\/span> <\/label>\n<\/p>\n<p><label> G\u00fcvenlik Do\u011frulamas\u0131 (Zorunlu)<br \/>\n<span class=\"wpcf7-form-control-wrap\" data-name=\"dogrulama-kodu\"><label><span class=\"wpcf7-quiz-label\">5 + 3 = ?<\/span> <input size=\"40\" class=\"wpcf7-form-control wpcf7-quiz\" autocomplete=\"off\" aria-required=\"true\" aria-invalid=\"false\" type=\"text\" name=\"dogrulama-kodu\" \/><\/label><input type=\"hidden\" name=\"_wpcf7_quiz_answer_dogrulama-kodu\" value=\"bc914f33bf176c28448e07f405869fa6\" \/><\/span> <\/label>\n<\/p>\n<p><input class=\"wpcf7-form-control wpcf7-submit has-spinner\" type=\"submit\" value=\"\u0130\u015f Ba\u015fvurusunu G\u00f6nder\" \/>\n<\/p><div class=\"wpcf7-response-output\" aria-hidden=\"true\"><\/div>\n<\/form>\n<\/div>\n<\/div><\/div><\/div><\/div><div class=\"vc_row wpb_row vc_inner vc_row-fluid\"><div class=\"wpb_column vc_column_container vc_col-sm-12  col-xs-mobile-fullwidth\"><div class=\"vc_column-inner \"><div class=\"wpb_wrapper\"><div class=\"last-paragraph-no-margin\" style=\"color: #dd9933;\"><p>Ba\u015fvuru sonras\u0131 l\u00fctfen \u00f6zge\u00e7mi\u015finizi cv@muallimkoleji.com&#8217;a g\u00f6nderin.<\/p>\n<\/div><\/div><\/div><\/div><\/div><\/div><\/div><\/div><\/section><div class=\"vc_row-full-width vc_clearfix\"><\/div>\n","protected":false},"excerpt":{"rendered":"MUALL\u0130M KOLEJ\u0130 \u0130\u015e BA\u015eVURULARI \u0130sim Soyisim (Zorunlu) Telefon (Zorunlu) E-posta Adresi (Zorunlu) E\u011fitim Bilgileri (Zorunlu) Meslek Deneyimi (Zorunlu) G\u00fcvenlik Do\u011frulamas\u0131 (Zorunlu) Cevab\u0131 buraya yaz\u0131n\u0131z Ba\u015fvuru sonras\u0131 l\u00fctfen \u00f6zge\u00e7mi\u015finizi cv@muallimkoleji.com'a g\u00f6nderin.","protected":false},"author":1,"featured_media":0,"parent":0,"menu_order":0,"comment_status":"closed","ping_status":"closed","template":"","meta":{"inline_featured_image":false,"footnotes":""},"class_list":["post-5572","page","type-page","status-publish","hentry"],"_links":{"self":[{"href":"https:\/\/muallimkoleji.com\/index.php\/wp-json\/wp\/v2\/pages\/5572","targetHints":{"allow":["GET"]}}],"collection":[{"href":"https:\/\/muallimkoleji.com\/index.php\/wp-json\/wp\/v2\/pages"}],"about":[{"href":"https:\/\/muallimkoleji.com\/index.php\/wp-json\/wp\/v2\/types\/page"}],"author":[{"embeddable":true,"href":"https:\/\/muallimkoleji.com\/index.php\/wp-json\/wp\/v2\/users\/1"}],"replies":[{"embeddable":true,"href":"https:\/\/muallimkoleji.com\/index.php\/wp-json\/wp\/v2\/comments?post=5572"}],"version-history":[{"count":8,"href":"https:\/\/muallimkoleji.com\/index.php\/wp-json\/wp\/v2\/pages\/5572\/revisions"}],"predecessor-version":[{"id":23088,"href":"https:\/\/muallimkoleji.com\/index.php\/wp-json\/wp\/v2\/pages\/5572\/revisions\/23088"}],"wp:attachment":[{"href":"https:\/\/muallimkoleji.com\/index.php\/wp-json\/wp\/v2\/media?parent=5572"}],"curies":[{"name":"wp","href":"https:\/\/api.w.org\/{rel}","templated":true}]}}